?
True
Is 70795631887 a composite number?
True
Is 96628944977 composite?
False
Is 10778849155 a prime number?
False
Is 15225730819 composite?
True
Is 12863577919 prime?
True
Is 7822468583 a prime number?
False
Is 628219970687 a composite number?
True
Is 28785588379 a prime number?
True
Is 122848743007 a prime number?
False
Is 289402089551 composite?
False
Is 3681917 composite?
False
Is 1886203 composite?
True
Is 32000677349 prime?
True
Is 4573451507 a prime number?
True
Is 350867567657 composite?
False
Is 12072660101 a composite number?
True
Is 11872693111 a composite number?
True
Is 8194156063 composite?
True
Is 5011713193 a composite number?
True
Is 197324145817 composite?
False
Is 6418235987 prime?
False
Is 32313062017 a composite number?
True
Is 101361984799 a prime number?
True
Is 216382567 prime?
True
Is 6526007471 a composite number?
False
Is 3084981571 prime?
False
Is 54170991643 composite?
True
Is 2079881767 a composite number?
True
Is 1341104887 a composite number?
True
Is 12847359857 a composite number?
False
Is 33619283491 a prime number?
True
Is 9687663221 composite?
True
Is 29544323 a prime number?
True
Is 611067461 a composite number?
False
Is 855582713 a composite number?
False
Is 50539819091 composite?
False
Is 5404724301 composite?
True
Is 202128803 a prime number?
False
Is 1761797371 composite?
False
Is 20357652761 composite?
False
Is 59839141069 a composite number?
False
Is 17554500343 a composite number?
True
Is 38487181 a prime number?
True
Is 1715369489 composite?
True
Is 1318584983 a prime number?
True
Is 2543257111 a prime number?
True
Is 53345548799 composite?
True
Is 20715831053 prime?
False
Is 2408252702 prime?
False
Is 426089472701 a composite number?
False
Is 2622761221 a prime number?
False
Is 495710351 prime?
True
Is 59307608923 a prime number?
True
Is 17497910887 prime?
True
Is 3724307491 a prime number?
False
Is 3460682341 a prime number?
True
Is 8753306977 composite?
False
Is 1158174686431 a composite number?
True
Is 916598897 composite?
False
Is 98996326439 composite?
False
Is 9888260897 prime?
True
Is 10327182751 a composite number?
False
Is 2676159169 composite?
False
Is 826392121 a prime number?
True
Is 1378902797 prime?
False
Is 422211269 prime?
False
Is 80637049 prime?
False
Is 2573878337 prime?
True
Is 3460526339 prime?
True
Is 486730313 a prime number?
True
Is 89532551 prime?
True
Is 176917070909 composite?
True
Is 2500958177 prime?
True
Is 12458776861 composite?
False
Is 90571810993 prime?
False
Is 542105507 a prime number?
True
Is 682722683 a composite number?
False
Is 12365279243 a composite number?
False
Is 1832274533 a composite number?
True
Is 1409064857 a composite number?
True
Is 530676221 a composite number?
False
Is 22025355479 composite?
False
Is 38702583757 a prime number?
True
Is 1631063849 a prime number?
False
Is 20004852851 composite?
False
Is 5154114593 composite?
False
Is 3161158171 a composite number?
False
Is 23834021 a prime number?
True
Is 47300604647 a prime number?
True
Is 830371973 composite?
True
Is 47102372729 composite?
False
Is 57772800913 prime?
True
Is 863987231 a composite number?
False
Is 25392741817 prime?
True
Is 1758658249 a composite number?
True
Is 29292755201 a prime number?
True
Is 1458252731 composite?
True
Is 2504619607 composite?
True
Is 768810689 prime?
True
Is 346931286865 composite?
True
Is 40281128339 composite?
False
Is 8868933379 composite?
True
Is 97800323 composite?
False
Is 25586907 prime?
False
Is 545240327 composite?
True
Is 74480388331 a composite number?
True
Is 3682481053 composite?
False
Is 6980733547 a composite number?
True
Is 25310303899 prime?
True
Is 2173786159 composite?
False
Is 54355093213 composite?
False
Is 181364527 a prime number?
True
Is 187670141 prime?
False
Is 28562264519 a composite number?
True
Is 9300088271 a prime number?
False
Is 525582383 prime?
True
Is 28535125763 composite?
False
Is 1428695029 a prime number?
True
Is 28945117 prime?
True
Is 268499676061 a composite number?
False
Is 3833764313 prime?
False
Is 1834084163 a composite number?
False
Is 37986253423 a composite number?
True
Is 9910660937 prime?
False
Is 4351744073 a prime number?
True
Is 206340389 prime?
False
Is 5458876597 a composite number?
False
Is 46845416483 a composite number?
True
Is 30632700359 a prime number?
True
Is 1130454991 a composite number?
True
Is 366288673 prime?
True
Is 8986547503 a composite number?
False
Is 820106527 a prime number?
False
Is 1468292681 a composite number?
False
Is 11200260293 a composite number?
False
Is 320828987 a prime number?
True
Is 1198591411 composite?
True
Is 641899457 prime?
True
Is 407840789 a prime number?
True
Is 2694313 prime?
False
Is 15874176251 prime?
False
Is 1804521877 prime?
False
Is 5352914711 a prime number?
True
Is 5801789639 a prime number?
True
Is 995448127 composite?
False
Is 1245957511 composite?
False
Is 240892021 a prime number?
False
Is 72897731 prime?
False
Is 458699803 composite?
False
Is 7065331183 composite?
True
Is 52961644303 composite?
True
Is 84551405569 composite?
False
Is 10281832027 prime?
True
Is 92033218 prime?
False
Is 1759192297 prime?
True
Is 6041499853 a composite number?
True
Is 2733705947 a composite number?
True
Is 40980139351 prime?
False
Is 69107994883 prime?
False
Is 16107633491 a prime number?
False
Is 609486643 a composite number?
False
Is 675453067 a prime number?
True
Is 11564186461 composite?
True
Is 3717898561 composite?
True
Is 144714705547 a composite number?
False
Is 11932876771 a composite number?
True
Is 57450585461 a prime number?
False
Is 108450354913 a prime number?
False
Is 15377955001 a composite number?
False
Is 2370375911 prime?
True
Is 16478572321 composite?
False
Is 2779705931 a prime number?
True
Is 699225803 a composite number?
True
Is 35113981711 a composite number?
True
Is 78366960757 composite?
True
Is 4205344289 composite?
False
Is 12308889613 a composite number?
False
Is 760955501 composite?
True
Is 39611074949 a prime number?
True
Is 375178586623 a prime number?
False
Is 88240937 a composite number?
False
Is 2224240897 composite?
False
Is 10058948437 composite?
True
Is 860941799 composite?
False
Is 11453100469 a prime number?
True
Is 184123342811 a composite number?
True
Is 32601571127 a composite number?
True
Is 60639546991 a prime number?
False
Is 24716106997 composite?
False
Is 8171301293 a prime number?
False
Is 22345158317 composite?
False
Is 112850655341 a prime number?
True
Is 63900495823 a composite number?
False
Is 47326315 a composite number?
True
Is 79996855819 a composite number?
True
Is 129046499691 prime?
False
Is 8371130207 composite?
True
Is 4700894119 prime?
True
Is 598229213 composite?
False
Is 17501561527 prime?
True
Is 20001337171 a composite number?
False
Is 839525821 a composite number?
False
Is 6398752135 composite?
True
Is 13562448553 prime?
True
Is 586696007 a prime number?
False
Is 131529670003 prime?
False
Is 830209621 composite?
False
Is 121617274033 prime?
False
Is 3391919999 prime?
False
Is 53924571241 prime?
False
Is 392819423 a composite number?
False
Is 27257515319 composite?
False
Is 2494143551 a composite number?
False
Is 1568256373 prime?
False
Is 1107124307 a prime number?
False
Is 6867793157 a composite number?
False
Is 687514153 a composite number?
True
Is 1971015583 a prime number?
True
Is 495074779 prime?
False
Is 1162291969 a prime number?
True
Is 75259878871 a prime number?
True
Is 202871197 a prime number?
False
Is 91333049 prime?
True
Is 436998445355 prime?
False
Is 14295258589 a prime number?
False
Is 855009091 a composite number?
True
Is 4342140431 a prime number?
False
Is 1032553219 a composite number?
True
Is 6281821099 a composite number?
False
Is 64632290609 composite?
False
Is 20127727177 a prime number?
True
Is 3854367581 a composite number?
True
Is 1179711043 a composite number?
True
Is 2312987123 a prime number?
False
Is 4039311721 a prime number?
True
Is 44706691 prime?
True
Is 33415787059 composite?
False
Is 300404223853 prime?
False
Is 14880775333 prime?
True
Is 580120649 composite?
False
Is 1524242249 composite?
False
Is 633383831 a prime number?
False
Is 1086397595 composite?
True
Is 1423399891 a prime number?
True
Is 1411344331 a prime number?
False
Is 31416696653 a composite num